or of x and 6.
6
Let h = -19 - -21. Let r be h/(-5) + 49/35. Let q be 2 - 3/(12/(-20)). Calculate the greatest common factor of q and r.
1
Let n(d) = d**3 + 3*d**2 - 3*d + 14. Let w be n(-6). Let c = 186 + w. Calculate the highest common factor of 11 and c.
11
Let a(p) = p**2 + 6*p - 6. Let k be a(3). Suppose 0 = -2*u + 5*v + 1, 0*v = -4*u - 5*v + 17. What is the greatest common factor of u and k?
3
Suppose 12*f = 17*f - 20. Suppose -3*j + f*o = -32, 0*o = -2*j - 2*o + 40. What is the highest common divisor of j and 2?
2
Let l(m) = 2*m + 27. Let j be l(-11). Suppose 2*s + j*x + 12 = -53, -4*s - 90 = 2*x. Let q = 33 + s. What is the greatest common divisor of 130 and q?
13
Suppose -2*f = 2*h + 56 - 270, 0 = 4*f + h - 413. What is the highest common divisor of 170 and f?
34
Let d be (-2 + 85)*(0 - -1). Let q = -23 + d. What is the greatest common divisor of 40 and q?
20
Let j(f) = 2*f - 5. Suppose -4*c = -10 - 14. Let t be j(c). Let u(x) = -10*x + 47. Let k be u(-3). What is the greatest common divisor of t and k?
7
Let a be 10580/14 - 38/(-133). Calculate the greatest common divisor of 84 and a.
84
Suppose -3*u = -6*u - 3*l + 183, -5*u + 4*l + 260 = 0. Calculate the highest common factor of u and 7.
7
Let q(c) = 5*c**2 - c + 3. Let w be q(-5). Let j(h) = 3*h - 161. Let n be j(60). What is the highest common divisor of w and n?
19
Suppose -6*i + 21 = 3. Suppose -z + 22 = 4*y - i*z, -5*y = 2*z - 23. What is the highest common factor of y and 15?
5
Let v = -114 - -91. Let j = 17 - v. Calculate the greatest common factor of j and 32.
8
Let m be 0 + (6 - 3)*5. Let c(v) = v + m*v**2 + v**3 + 19 + 0*v + 0*v. Let b be c(-15). Calculate the highest common factor of b and 4.
4
Let c = 565 + -170. What is the highest common divisor of c and 5?
5
Let o(c) = 27*c**2 + 103*c + 27. Let a be o(-5). Let y(g) = 5*g**2 + g - 1. Let r be y(-2). Calculate the greatest common factor of r and a.
17
Let f(l) = -l**2 + 6*l + 3. Let m be f(6). Let k(t) = t + 6. Let i be k(-6). Let d = i + m. Calculate the highest common divisor of 1 and d.
1
Suppose -3*t + 308 = -t. Suppose -12 = -2*a - 2*a. Suppose -39 = -2*l - 5*r, 14 = -a*l - r + 79. Calculate the greatest common divisor of l and t.
22
Let f be (5/((-125)/(-10)))/((-3)/(-795)). What is the greatest common divisor of f and 371?
53
Let m = 2166 + -2071. What is the greatest common divisor of m and 15?
5
Let w = -1131 - -1257. Calculate the highest common divisor of 882 and w.
126
Let d = -35 - -51. Suppose 34*w = 30*w + 16. Suppose -5*t + 4*c + 156 = 0, w*t - t - c = 95. What is the greatest common factor of t and d?
16
Let b be ((-28)/(-8) + 4)*16. Calculate the highest common divisor of 30 and b.
30
Suppose -18*s = -22*s + 20. Suppose -s*a + 106 = -q + 3*q, 5*a - 5*q - 85 = 0. Calculate the highest common divisor of 40 and a.
20
Let q(h) = -17*h + 3. Let g be q(-5). Suppose 3*t + 81 = 99. Let w be 75/t - (-15)/(-10). What is the highest common divisor of w and g?
11
Suppose -15*b + 7173 = -12447. What is the highest common factor of 12 and b?
12
Let x(d) = d**2 + 3*d - 2. Let u be x(3). Suppose 215 = w + 71. Calculate the greatest common divisor of u and w.
16
Let v be 58*((-12)/(-8))/3. Let m(r) = r**2 - 9*r + 9. Let i be m(-8). What is the highest common divisor of i and v?
29
Suppose -q = q - 4*j - 154, 0 = q + 2*j - 69. Calculate the highest common divisor of 365 and q.
73
Let q = -9 - 0. Let p = -2 - q. Calculate the highest common factor of p and 77.
7
Let u = 234 + -202. Calculate the greatest common factor of 368 and u.
16
Let s(y) = y**3 + 9*y**2 + 13*y - 3. Let z be s(-7). Calculate the highest common divisor of z and 34.
2
Let n be (9/3)/3*78. Let j be (90 - 73) + 18/2. What is the highest common factor of n and j?
26
Let q(c) = c**3 + 11*c**2 + 3*c - 6. Let h be q(-7). Let z = h + -244. Let i = 165 + z. What is the highest common divisor of 30 and i?
30
Let a(o) = 2*o**2 + 10*o - 7. Let t be a(-7). Let i = 31 - t. Let w be 76/3 - (-2)/(-6). Calculate the highest common factor of i and w.
5
Let c = -108 - -144. What is the highest common divisor of c and 27?
9
Let v = 4 - -23. Let y = 99 - 94. Suppose -v = -y*x + 28. Calculate the greatest common factor of x and 22.
11
Let v(u) = -u**3 + 5*u**2 + 3*u - 14. Let h be v(5). Let f = 2 + 13. Let w be f/h - (-3 - 0). What is the highest common factor of 126 and w?
18
Let s(p) = -5*p - 46. Let k be s(-19). What is the highest common divisor of k and 7?
7
Suppose 4*r + 167 = 3*s + 999, 0 = 4*r + 4*s - 832. Calculate the greatest common divisor of r and 64.
16
Let y be (22 - 16) + 7/((-28)/(-36)). Let m = -1 + 10. Let z be (36/(-10))/(m/(-150)). Calculate the highest common factor of z and y.
15
Let g(x) = -2*x + 3. Let l be g(-15). Suppose -a + 6 - 2 = 0. Suppose -a*y + l = -y. What is the greatest common factor of 88 and y?
11
Let o(n) = -11*n**2 + 2*n**2 + 24*n**2 + 20*n**2. Let l be o(4). Suppose -4*y + l = 32. Calculate the greatest common factor of y and 12.
12
Suppose -h = 5*y - 17, -y = 2*y - 3*h - 21. Suppose l = y*l - 57. Suppose l = v + 6. What is the highest common factor of v and 13?
13
Let s be 5*(-5 + 9) - 8. What is the highest common divisor of s and 24?
12
Let j be 19/7 - (-22)/77. Suppose -3*s + 93 = -2*r, 0 = -2*s + 2*r + 73 - 13. What is the highest common divisor of j and s?
3
Suppose 0*w - 70 = -3*w + 2*z, 0 = -4*w + 5*z + 91. What is the highest common factor of w and 18?
6
Let f be (-7)/(-2)*(-988)/(-133). Suppose 308 + 1408 = 6*t. Calculate the greatest common factor of t and f.
26
Suppose -3*m = -2*z - 215, -2*z + 35 = -m + 100. What is the highest common factor of m and 3?
3
Let w(c) = c**2 + 11*c - 9. Let h be w(-13). Let s be (-24)/(-14) - (-4)/14. Suppose -37 = -s*r - 3. What is the highest common factor of r and h?
17
Suppose 5*i - 12 = 4*i. Let a be 8 + 1 - (0 + 4). Suppose 0*t - 4*k = -2*t - 14, 0 = t + a*k - 28. Calculate the greatest common factor of i and t.
3
Let f = 97 + -64. Let c = 48 - f. Let s(o) = o**3 + 4*o**2 - o + 6. Let w be s(-4). What is the greatest common divisor of w and c?
5
Suppose -3228 = -8*i + 556. Calculate the greatest common divisor of i and 43.
43
Let w(r) = 27*r - 47. Let i be w(3). Calculate the highest common factor of 238 and i.
34
Let j(v) be the second derivative of -v**5/20 - 5*v**4/4 - 8*v**3/3 - 6*v**2 + 5*v. Let z be j(-14). Calculate the greatest common divisor of 64 and z.
16
Suppose -24*t + 19*t = -4*w + 273, -300 = -5*w - 2*t. What is the greatest common factor of 899 and w?
31
Let m be 3*12/9*(-270)/(-120). Calculate the highest common divisor of 1017 and m.
9
Suppose -2 = -2*a + 6. Suppose -3*h - 3*b + 33 = 0, a*h = h - 2*b + 28. Let f be -18*(8 + (-136)/16). What is the greatest common factor of h and f?
3
Let j(l) = l**3 - l**2 + 2*l - 2. Let v be j(0). Let f be 13 + 1*((-2 - v) + -1). Let i = 6 - -18. What is the highest common divisor of f and i?
12
Let z be 50/(-15)*(-6)/4. Suppose 15 = z*w, -154 = -4*p - 4*w + 138. Suppose 3*s - 45 = -k, s - 3*k = 3 + 2. What is the greatest common divisor of p and s?
14
Let i = 474 + -450. What is the greatest common factor of 888 and i?
24
Let g = -741 + 780. What is the highest common divisor of g and 12?
3
Suppose 6*a = -0*a + 288. Calculate the greatest common divisor of 208 and a.
16
Suppose 2*w + 0*w = 4*p - 438, 5*p + 5*w = 555. Let r = 13 - 3. Suppose l = -0*l + r. Calculate the highest common factor of p and l.
10
Let u = -440 + -8. Let m be (u/(-48))/((-4)/(-30)). What is the greatest common divisor of 28 and m?
14
Let g be (-135)/(-5) + 2 - -1. What is the highest common divisor of g and 40?
10
Let b(y) = -7*y - 81. Let s be b(-18). Suppose -a + f + 117 = 3*a, -f - 27 = -a. Calculate the highest common divisor of s and a.
15
Suppose 4*b = 6*b - 28. Suppose 18*i - 16 = b*i. Calculate the greatest common divisor of 10 and i.
2
Let s(a) = -7*a - 2. Let p(i) = -5*i - 3. Let z(y) = -5*p(y) + 4*s(y). Suppose -3*k = -2*k + 4. Let h be z(k). Calculate the greatest common factor of 19 and h.
19
Let h(t) = -t - 11. Let s be h(-10). Let j be s*(6/(-2) - 6). Let u be 99*((-4 - -2) + 3). Calculate the highest common divisor of u and j.
9
Let s be (-10)/(-45) + (-40)/18. Let h(d) = -7*d. Let r be h(s). Suppose -50 = -4*t - r. Calculate the greate